test common divisor of 4033 and d?
109
Let a(b) = 140*b**2 - 7*b + 1. Let r be a(1). What is the greatest common factor of r and 1809?
67
Suppose -543 = -4*x + j, -3*j + 817 = 4*x + 254. Calculate the greatest common divisor of 3699 and x.
137
Suppose -141*o = -113*o + 120 - 3032. Suppose 0 = 5*y - 2*v, 2*v = y - 3*y. Suppose y = -2*d + 9 + 17. What is the greatest common divisor of o and d?
13
Suppose 130 = 31*n - 5*n. What is the greatest common factor of 880 and n?
5
Suppose 3*w + 2872 = 37*l - 33*l, -2*w = -2*l + 1438. What is the greatest common factor of 11 and l?
11
Suppose 15*j - 35 = 10*j. Suppose 0 = 25*k + 21*k - 5152. Calculate the highest common divisor of j and k.
7
Let v = 415 - 391. Calculate the highest common divisor of v and 4872.
24
Let z(r) = -r**3 - 12*r**2 - 13*r + 2. Let q = 29 + -40. Let i be z(q). Let n = -87 - -255. Calculate the greatest common factor of n and i.
24
Suppose 5*o + 5*d - 132 = 28, -3*d = 7*o - 232. Let q be (-2)/(-9) - 56/9. Let l be 8/12 + (-98)/q. What is the highest common divisor of o and l?
17
Suppose 0 = -609*v + 590*v + 3230. What is the greatest common divisor of 986 and v?
34
Let u(i) = -i**2 - 9*i + 4. Let d be u(-5). Suppose -4*x = 44 + d. Let j = x - -29. What is the highest common factor of 48 and j?
12
Let p be ((-8)/3)/((-2)/6). Suppose -20*j + 16*j - 1364 = 5*b, -271 = b - j. Let v = -268 - b. What is the greatest common divisor of p and v?
4
Let h = -3267 - -3381. What is the greatest common factor of 171 and h?
57
Suppose -n - c = 2, 4*n + 4*c + 9 = c. Suppose 0 = -18*s - 31*s - 98. Let h be s - -1 - (n + -21 + -5). Calculate the greatest common divisor of 196 and h.
28
Let i = 10377 + -10368. Suppose 186 + 22 = 4*g. Suppose -g = -3*c - 7. Calculate the highest common divisor of c and i.
3
Suppose -j = -0*j - 90. Let v = -463 - -467. Suppose v*s + 23 = w + 9*s, 4*w = 4*s + 68. What is the greatest common divisor of j and w?
18
Let o be 18/24 + 1/4. Let n = o + 3. Let g be 24/(10 - 49/7). What is the greatest common factor of n and g?
4
Let k = 13275 - 13255. Calculate the greatest common factor of k and 4252.
4
Suppose 27*l - 21*l - 60 = 0. Let r be ((-2)/6)/(l/1170). Let h = 169 + r. What is the highest common divisor of h and 26?
26
Let d be 2 - ((-15)/(-6) - 6/(-12)). Let o = d - -19. Let b = 59 + 139. Calculate the highest common factor of o and b.
18
Let j(a) = -64*a - 1. Let q be j(22). Let h = -1345 - q. Suppose -3*z + i = 3*i - 58, 5*z - 55 = 5*i. What is the highest common divisor of h and z?
16
Let d = 57686 + -29190. Calculate the greatest common divisor of d and 26.
26
Let x = 11 - -36. Suppose 0 = 2*o + 5*r - 6 - 192, 0 = -4*o + 3*r + 344. Let z = o - x. Calculate the highest common factor of z and 6.
6
Let c = -465 + 483. What is the highest common factor of c and 726?
6
Suppose 8*y = 5*y, -5*f + 5*y - 45 = 0. Let c(o) = o**3 + 10*o**2 - 6*o - 24. Let r be c(f). What is the greatest common factor of 37 and r?
37
Let l(w) = 7*w**2 - 12*w - 12. Let b be l(-1). Calculate the greatest common factor of 79 and b.
1
Let n(a) = -a**3 - 2*a**2 + 13*a - 17. Let o be n(-5). Let w be (413 - o) + (-10)/(-2). What is the greatest common factor of w and 25?
25
Let o be (-18)/18*-31*(2 - 1). Suppose -34*p = -o*p - 72. What is the highest common factor of 152 and p?
8
Let n = -49 + 51. Let z be ((-4)/6)/(n/(-78)). Let v(y) = y**2 + 286. Let w be v(0). What is the greatest common factor of z and w?
26
Let t = -18527 - -18551. What is the highest common divisor of 2376 and t?
24
Let h be (2624/768)/((-2)/(-24)). Let v = 0 - -3. Suppose 3*b = -3*n + 81, v*b = 2*n + 3*n + h. Calculate the highest common divisor of 22 and b.
22
Let q(j) = 30*j. Let n be q(0). Suppose n = -20*r + 13*r + 448. What is the greatest common divisor of 576 and r?
64
Suppose 8*t + 49 = 73. Suppose 0 = -y - t, -5*y + 37 = 2*g - 16. Calculate the highest common divisor of g and 17.
17
Let n(k) = -649*k - 1146. Let y be n(-2). Calculate the highest common divisor of 296 and y.
8
Let n(q) = -4*q + 357. Let u = -213 - -213. Let i be n(u). What is the greatest common factor of 21 and i?
21
Let b(h) = -42*h - 1839. Let u be b(-46). Calculate the greatest common factor of u and 496.
31
Suppose -3*f - 2 + 98 = 0. Suppose 0 = 2*b - 0 + 6. Let x be ((-51)/34)/(b/64). Calculate the highest common factor of x and f.
32
Suppose -2*l - 2*p + 130 = -l, -l - 5*p + 136 = 0. Suppose -120 = o - l. Calculate the greatest common factor of o and 6.
6
Let t be 930/1085*203/(-4)*70/(-3). Calculate the highest common factor of t and 2900.
145
Let k = 645 - 640. Suppose 0 = 3*q + c - 41, -4*q - 2*c + 62 = 3*c. Suppose k*r = -z + 2*r + q, 0 = -4*r - 20. Calculate the highest common factor of 4 and z.
4
Suppose 2*o = -5*n + 208 + 62, -10 = -2*o. Let x be (-9)/(-3)*n/78. Calculate the greatest common divisor of x and 26.
2
Let l(u) = 31*u - 8. Let x be l(2). Let a = x - 52. Suppose 0 = -4*f - a*r + 194, f + 2*r - 25 = 19. Calculate the highest common divisor of 250 and f.
50
Let p = 356 - 236. Let w be (-842)/(-3) - 1 - (-40)/p. Calculate the greatest common divisor of 14 and w.
14
Let h(q) = -4*q - 2. Let g be h(-5). Let m = -119757 + 120531. Calculate the greatest common factor of m and g.
18
Suppose x + 6 = -4. Let i be 1/2 + (-1815)/x. Let u = 45 + -19. What is the greatest common factor of u and i?
26
Let s be 35109/15 + (108/(-20))/9. What is the highest common divisor of 13 and s?
13
Let l be (-49 + 129)*6/15. What is the highest common divisor of l and 5440?
32
Suppose -910858 + 55654 = -105*i - 18564. What is the highest common divisor of 36 and i?
12
Let y be ((-340)/(-50) + -6)*16255 + -6. What is the greatest common divisor of 97 and y?
97
Let y be 820 - ((-125)/50)/(5/(-12)). What is the highest common factor of 44 and y?
22
Let z(t) = t - 9. Let d be z(13). Let w be -56*(0 - d) - (-2 - -1). Let y = 51 - -39. Calculate the greatest common divisor of y and w.
45
Let l(m) = m**3 - 14*m**2 + 14*m - 4. Let j be l(14). Let u = -156 + j. Calculate the greatest common divisor of u and 18.
18
Let b = -664 + 720. Let f be ((-48)/b)/((-9)/882). Calculate the greatest common factor of f and 36.
12
Suppose 13*z - 1470 = 3*z. Let c be 8/68 - 2/((-102)/z). Let h = -9 + 15. What is the highest common factor of c and h?
3
Let g(q) = q + 3. Let r be g(-2). Let h = r + -2. Let m be h/((-2)/6) + 7. Calculate the highest common factor of m and 2.
2
Let d = -5584 - -5629. What is the highest common divisor of d and 535?
5
Let z be (4/6)/(((-39)/(-414))/13). Let n be z/(5 - 1) + 1. Let f be n/10*10/4. Calculate the highest common divisor of 24 and f.
6
Let l(c) = -65*c + 239. Let k be l(3). What is the highest common divisor of 124 and k?
4
Let l(i) = -32*i**3 + 2*i**2 - 124*i - 254. Let v be l(-2). What is the highest common factor of 344 and v?
86
Suppose 0 = -16*q + 20*q. Let h be (4 + -5 - -1)/(-1 + q). Suppose h*a = 5*a - 20. What is the highest common factor of 16 and a?
4
Suppose -4*a + 0*b + 5*b = -7, -2*a + 3*b = -3. Let n be -7 - (-98)/(-8 - -15). What is the greatest common divisor of a and n?
1
Suppose 4*i - 178*d - 785 = -177*d, 0 = 3*d + 3. What is the highest common factor of 896 and i?
28
Let r = 7662 + -7529. Let n(z) = -z**2 - 4*z + 4. Let o be n(-3). Calculate the highest common factor of r and o.
7
Let n = 663 + -508. Suppose -5*u + x = -167, -14*x = -5*u - 9*x + n. Calculate the greatest common divisor of u and 119.
17
Let w be (-2)/4 - (-84)/24. Let a = -12 - 108. Let b be ((-2)/(-12))/((-20)/a). Calculate the greatest common divisor of b and w.
1
Let q(h) = -160*h + 121. Let z be q(-13). What is the highest common factor of 639 and z?
71
Let j be 954/6*-1*(6 - 3). Let y = 534 + j. Calculate the greatest common divisor of 1 and y.
1
Let y be 30*(-3 + -3*68/(-60)). Suppose -4*b = -10*r + 8*r - 766, b - 197 = -5*r. What is the highest common divisor of b and y?
12
Let p be (0 + 0 - (-4)/(-12))*-36. Let b(g) = 3*g**2 - 11*g + 22. Let h be b(11). Calculate the highest common divisor of h and p.
12
Let x(q) = 7*q**2 - 14*q + 39. Let z be x(4). Let l = z + -92. What is the highest common divisor of l and 3?
3
Suppose 2*i - 4*n = 1421 - 305, -1647 = -3*i + 3*n. Calculate the greatest common factor of i and 300.
60
Let z be (-10 - (-4 